-247 - o. Let s be (c/(-10))/(10/(-50)). What is the highest common factor of 12 and s?
12
Suppose -p = 2*t - 2148, 110*t - 111*t + 1081 = 4*p. What is the greatest common factor of t and 481?
37
Let w(s) = -13 - 12 + 8 - 18 - s**2 - 18*s. Let b be w(-14). Suppose 3*u - b = 12. What is the highest common divisor of u and 121?
11
Suppose -2*p = -8, p + 18 + 38 = -2*n. Let g be 286/(-33)*n/4. What is the greatest common divisor of g and 13?
13
Suppose 20 = -5*i - 4*v, 11*i - v - 5 = 12*i. Let q be -2*1 - (-56 - (i - -3)). Calculate the highest common factor of q and 3.
3
Suppose 4*h = -3*r + 5698, 12*r - 10*r - 12 = 0. Calculate the highest common factor of h and 260.
20
Suppose -3*b + 29 + 4 = 0. Suppose 0 = 7*n - b*n + 84. Suppose -27*z + 28*z - n = 0. Calculate the highest common divisor of 7 and z.
7
Suppose -3*m + 9 - 12 = 0, 5 = 4*n - 5*m. Suppose n = -5*t - 0*d + 2*d + 943, 915 = 5*t + 5*d. Calculate the greatest common divisor of 11 and t.
11
Let r = 2731 - 2690. Calculate the greatest common factor of 369 and r.
41
Suppose -m + 162 = d + 2*d, -270 = -5*d + 2*m. Suppose 4*x = -70 - d. Let n be 2 + 0 - (x + 1/1). What is the greatest common divisor of 2 and n?
2
Suppose 3*y = 4*a + 12330, -2*y + 51*a - 56*a = -8220. Calculate the highest common factor of y and 45.
15
Suppose -8*a = u - 7427, a + 8*u = 3*u + 943. Calculate the highest common divisor of a and 87.
29
Suppose 6*d - 8 = 4. Let x be d/(-11) - (-32)/176. Suppose -17*b + 6*b + 1848 = x. Calculate the greatest common divisor of 24 and b.
24
Let r = -3194 + 3229. Let n be 5007/13 + (-18)/117. What is the greatest common divisor of n and r?
35
Let f(d) = -713*d + 15. Let m be f(1). Let h = -673 - m. What is the greatest common divisor of 85 and h?
5
Suppose -5*o + 37 + 13 = 3*h, -5*h + 20 = 2*o. Suppose 0*i + 3*i = c - 20, -2*i = o. Suppose 73 - 3 = c*p. Calculate the highest common divisor of p and 14.
14
Let u(w) = -199*w + 1407. Let p be u(7). What is the greatest common divisor of p and 602?
14
Let t = 4 + 18. Let j be (1001/(-35) - -11)*20*(-3 - -2). What is the highest common divisor of j and t?
22
Let s(y) = 3*y + 14. Let z be s(1). Suppose q + 2*q = -4*o + 475, o = 3*q - 455. Calculate the greatest common divisor of z and q.
17
Suppose t - k - 12 = 0, -2*k = -k - 2. Let w(i) = -4*i**2 + 61*i + 5. Let d be w(t). Calculate the greatest common divisor of 3 and d.
3
Let w(v) = 32*v**2 + 63*v + 761. Let z be w(-13). What is the highest common factor of z and 5?
5
Suppose 8*w - 51*w + 96019 = 0. What is the highest common factor of 58 and w?
29
Let o(a) = -61*a - 3942. Let c be o(-66). What is the greatest common divisor of 2835 and c?
21
Let m be (38/4)/((-5)/(-10)). Let p(h) = -9*h - 38. Suppose -7*u - 142 = -9. Let t be p(u). What is the greatest common factor of m and t?
19
Let x be ((-6)/20*5)/(-1 + (-175)/(-190)). What is the highest common factor of 1159 and x?
19
Suppose n = -0*n - 25. Suppose 0 = r - 5*r - 48. Let a = r - n. What is the highest common divisor of 65 and a?
13
Let q = -20 - -21. Let i be (-9 - -5) + (q - -368). Let j = i + -261. What is the highest common factor of 8 and j?
8
Let m(h) = -3 + 9*h**2 - 1 + 0. Let a = -1273 - -1276. Let r be m(a). Calculate the highest common divisor of r and 11.
11
Let o(u) = -8*u + 62. Let h be o(18). Let z = 51 - h. What is the highest common divisor of z and 38?
19
Let v(p) = 2*p**2 - 11*p + 29. Let w be v(9). Let t = 346 - 231. Calculate the greatest common factor of t and w.
23
Let c be (4/6)/((-6)/45). Let j be c/(-2)*(-264)/(-10). Suppose -28*m = -29*m + j. What is the greatest common divisor of m and 6?
6
Let p be 1/2 - (72/16 + 3). Let k be 10/35 - 103/p. Let q = 4 - -2. What is the greatest common factor of q and k?
3
Let x = -5337 + 9063. Calculate the greatest common divisor of x and 162.
162
Let g(y) = 7*y**2 - 10*y - 71. Let r be g(14). Calculate the greatest common factor of r and 903.
129
Suppose -5*d = -2*d + 3, -5*m - 2*d + 38 = 0. Let j(p) = p**3 + 40*p**2 + 252*p - 1032. Let u be j(-14). What is the highest common divisor of m and u?
8
Let a(n) = 88 - 2*n - 32 + 0*n - 4*n. Let r be a(-29). What is the highest common factor of r and 20?
10
Let b = -8470 - -10126. Calculate the greatest common factor of 252 and b.
36
Let i(v) = 3*v**2 - 26*v + 577. Let q be i(15). What is the greatest common factor of 10 and q?
2
Let f = 16 + 42. Suppose -3*a + 3*z + f = 4*z, -2*z = -8. Suppose 25*l - a*l = 728. What is the highest common divisor of 8 and l?
8
Let x = -338 - -436. Let t be -2 - (20/(-5) + -12). Calculate the greatest common divisor of t and x.
14
Let g(d) = 3*d**2 + 3*d - 1. Let f be g(1). Suppose -4*x = y - 27, f*y - 169 = -5*x + 2*x. What is the highest common divisor of y and 10?
5
Suppose 3*b - 4*n - 464 = 0, 3*b - 472 = -0*b - 4*n. What is the highest common factor of b and 138?
6
Let i = 182 - 188. Let s be 126*(-4 + (-102)/(-27))*i. What is the highest common factor of 21 and s?
21
Suppose -z = -3*x + 5 - 9, 2*z - 3*x = 14. Suppose -z*g + 441 + 229 = 0. Calculate the highest common divisor of g and 1273.
67
Let j(q) = -q**3 + q**2 + 12*q + 2. Let b be j(4). Suppose -10*n + 6*n = -b*d - 1284, 3*n - 952 = -4*d. Calculate the greatest common factor of n and 5.
5
Let l(t) = 17*t**3 + 241*t**2 - 26*t + 24. Let o be l(-14). Calculate the highest common factor of o and 305.
61
Let i = 2029 + -724. What is the highest common divisor of i and 45?
45
Let x be (-366 + 68)/((-1)/16). Calculate the highest common factor of x and 64.
32
Let x be 26354672/760 - (-2)/(-10). Calculate the highest common divisor of x and 9.
9
Suppose -29*p = 192 - 446 - 413. What is the highest common divisor of 43 and p?
1
Let o(z) = 117*z + 1839. Let g be o(-7). Calculate the highest common divisor of g and 420.
60
Suppose 0 = -5*x - 3*x - 1280. Let j = 163 + x. Calculate the highest common factor of 24 and j.
3
Let b(z) = 175*z - 1392. Let h be b(8). What is the highest common factor of h and 172?
4
Let c(d) = d**3 - 17*d**2 + 16*d + 4. Let v = -31 - -47. Let r be c(v). Suppose 3*a - 168 = -r*a. Calculate the highest common factor of 6 and a.
6
Let y = -228 - -238. Let w be (-12)/8 + 4629/6. Calculate the highest common factor of w and y.
10
Let c be ((-202)/(-4))/(7/14)*9. Let v(l) = l**3 - 7*l**2 + 14*l - 39. Let g be v(6). Calculate the greatest common factor of g and c.
9
Let t(r) = -76 + 15*r - 2*r - r**2 + 13*r - 5*r. Let k be t(13). What is the greatest common factor of 154 and k?
14
Suppose 0 = 4*w - 0 + 8, 0 = -2*u - 5*w + 30. Let m be 2 + -2 + (51 - 1). What is the greatest common factor of m and u?
10
Suppose m + 2*l = 358, 0 = 7*m - 8*m - 3*l + 361. What is the greatest common divisor of 4664 and m?
88
Suppose -2*j = -6*j - 8, -2669 = -3*g + j. Suppose -4*h + g = 289. Calculate the greatest common factor of 60 and h.
30
Let b be (((-33)/(-14))/(40/(-140)))/((-9)/2916). What is the highest common factor of 1701 and b?
243
Suppose q = -2*q + 273. Suppose 103*m + 88*m + 533 = 232*m. What is the highest common divisor of m and q?
13
Let y(f) = -72*f + 16. Let h(x) = x - 2. Let l(p) = 10*h(p) - y(p). Let o be l(5). Calculate the highest common factor of 34 and o.
34
Suppose -1329*u + 1323*u + 30 = 0. What is the highest common divisor of 23 and u?
1
Let k = 207 + -202. Suppose -k*t - p + 494 = 0, -15*t + 10*t = 2*p - 493. Calculate the greatest common factor of t and 11.
11
Suppose -w = 3*w - 520. Let y = -2233 - -2153. Let x = y + w. What is the greatest common divisor of x and 30?
10
Let h = -2980 - -3124. Suppose -4*n - 8 = 0, 3*d - 5 = 2*n + 5. Suppose 11 = d*u - 21. Calculate the highest common factor of h and u.
16
Suppose -5*n + 5*a + 1030 = 0, -9*n + 482 = -7*n - 9*a. Suppose -f + u + 28 = 0, -3*f + 5 = 4*u - 79. Calculate the highest common factor of f and n.
28
Let a(m) = 486*m - 6633. Let v be a(15). What is the greatest common divisor of v and 511?
73
Suppose 17045 + 2321 + 16058 = 108*r. Calculate the greatest common factor of r and 1271.
41
Suppose 25*v - 6*v = 209. Suppose -q = m + 1, 2*m = q + 10 - 0. Suppose 3*w - 6 = -m. What is the highest common factor of w and v?
1
Suppose -16*d + 442 = 5*w - 15*d, -2*d + 180 = 2*w. Suppose -3*p + 262 + 1586 = 0. Calculate the highest common factor of w and p.
88
Let